ose -17*v + 48 = -21*v. Let m = 14 + v. Suppose -237 = m*n - 3*n. Is n a composite number?
True
Let j(s) = 40*s + 73. Let m be j(26). Let i = 2072 - m. Is i composite?
True
Let l be (-860)/28 - 4/42*3. Let r = 35 + l. Suppose 0 = r*u - 175 - 1341. Is u a composite number?
False
Suppose -4*n - 7*r = -1399633, 15*r = 12*r + 9. Is n prime?
True
Suppose -58*s + 54*s + 7*n + 220996 = 0, -5*s - 3*n = -276245. Is s composite?
False
Let o = 148 + -150. Let s(n) = 660*n**2 - 5*n - 3. Is s(o) prime?
True
Suppose 3*v - p + 27712 = 0, -v - 4*p + 1061 = 10294. Let a = v - -14818. Is a a composite number?
False
Let g(c) = -c + 17766. Let r be g(0). Suppose 5*j - 35550 = -4*q, -2*q + 4*j - 2*j + r = 0. Is q a composite number?
True
Let g(b) = 119*b + 2. Let a(p) = 118*p + 2. Let i(u) = -5*a(u) + 6*g(u). Let y be i(5). Suppose -o + y = -519. Is o a prime number?
False
Is 39297 - (-9 + 13 + 14) prime?
False
Let t(v) = -34288*v**3 + 4*v**2 + 362*v + 1067. Is t(-3) prime?
False
Let i = 150 + -153. Let g(n) = 108*n**2 - 3*n - 4. Is g(i) prime?
True
Let m be (9/(-14))/(12/14)*-1884. Suppose 5*i + 4*n = 3477, -m + 11 = -2*i + 4*n. Is i a composite number?
True
Let i(l) = -l**3 - 11*l**2 + 9*l - 18. Let x be i(-12). Is (96303/x - 1) + 7/(-42) composite?
True
Suppose 7*j - 212480 = 23*j. Let y = j - -22893. Is y a composite number?
False
Suppose 0 = 4*s + 5*l - 200, -37 = -s - 0*l + 2*l. Suppose 48*g - s*g + 16448 = 4*q, -q + 4093 = 4*g. Is q prime?
False
Is ((-1579455)/675)/((-1)/5)*3 a composite number?
False
Is 112/84 - 647414/(-3) prime?
False
Let a(r) = 1394*r + 69. Let j(o) = 3*o**2 + 3*o - 1. Let x be j(-2). Is a(x) a composite number?
False
Let t(p) = 2187*p**2 + 31*p + 13. Is t(-5) composite?
True
Let j(k) = 3*k**3 - 5*k - 1. Let y be j(2). Suppose -y*o = -112261 + 34248. Is o a composite number?
True
Let n = -590 + 27861. Is n composite?
False
Suppose -6201617 + 1574362 = -23*j. Is j a prime number?
False
Suppose 4*p - 4*r = 3754260, -86*p = -84*p - 4*r - 1877144. Is p a composite number?
True
Let n(j) = 729*j**2 - 96*j + 1433. Is n(12) a prime number?
False
Let h(x) = 372*x**2 - 512*x + 631. Is h(67) composite?
True
Let q(r) = 2*r**2 - 2*r - 145. Is q(-38) a prime number?
True
Suppose -14*i = -6*i - 58680. Let y = -22140 + 32638. Let k = y - i. Is k composite?
False
Suppose 3*p - 4 = b + 5, 5 = 5*p. Let i be ((b + 10)/(2/3))/2. Suppose 3*n - 4*k = 339, -i*n + 11*k = 10*k - 339. Is n a composite number?
False
Let r(s) = -s**3 - 10*s**2 - 11*s - 14. Let a be r(-9). Let n be 6/(-8) + (-261)/a. Let t = n + 224. Is t prime?
False
Suppose -2*b - 4*k = -437554, -5*b + 5*k + 1268412 = 174482. Is b prime?
True
Suppose 0 = 2*x + 17 - 49. Suppose 27*o - 23*o = -x. Is (2 - (o + 4)) + 563 composite?
True
Let k(q) = q**2 - 10*q - 39. Let v be k(13). Let d be (-1)/3 - ((-339)/(-9) - v). Is 1984/3 - d/57 prime?
False
Suppose 2*u - 75198 = -2*c, 16*u - 20*u + 5*c + 150432 = 0. Is u a prime number?
False
Let t(r) = 6*r**3 - 7*r**2 + 50*r + 23. Let p(y) = -7*y**3 + 6*y**2 - 48*y - 24. Let z(d) = -3*p(d) - 2*t(d). Is z(15) prime?
True
Suppose -3*v + 574373 = 5*x, 2*x - 55*v - 229762 = -53*v. Is x a prime number?
False
Suppose 0 = -19*l - 40*l - 45*l + 6026488. Is l composite?
False
Is (((-22604)/(-8))/(1/10))/1 a composite number?
True
Suppose -n = 5, 13*n = -3*r + 8*n - 16. Suppose -5*f + r*g = -0*g - 72251, -8 = 4*g. Is f a prime number?
True
Let o = 46 - 38. Let x(g) = g**2 - 7*g - 4. Let u be x(o). Suppose -260 = -2*t - 2*y, 207 = t + u*y + 68. Is t a composite number?
False
Let m be (-574)/(-49) + (-6)/(-21). Suppose 2*g + 2*j = 6, -4*g - m = -0*g - 2*j. Is 3*(g + 0) + 89 a composite number?
True
Let j be ((5 - 4)/1)/(3/36). Let g be 7/(-3) + ((-20)/j - -2). Is ((-1)/g)/(3/1518) prime?
False
Suppose 3*w = x + 1346, 4*x + w = 4*w - 5339. Let m = 5929 + -8375. Let p = x - m. Is p a prime number?
False
Let g(w) = 4*w**2 + 5*w + 3. Let m be g(-1). Suppose 12 = 5*f + 2*c - 9, -5*c + 21 = m*f. Suppose 617 = f*n - 610. Is n a prime number?
True
Let r(w) be the third derivative of -3*w**6/40 + w**4/4 + 11*w**3/3 - 73*w**2 - 2. Is r(-10) a prime number?
False
Let y be 0 - (441/12)/((-4)/16). Let s = y + 1085. Suppose 0 = -12*v + s + 11572. Is v prime?
False
Suppose 0 = -2*m - 3*w + 17361 + 55, -m = -5*w - 8695. Is 1/(3/m) - (-12)/(-18) a prime number?
False
Let c = 1841275 + -1182594. Is c prime?
True
Let q(t) = 30*t**2 + 12*t + 1. Let a(n) = -30*n**2 - 11*n - 2. Let i(z) = -4*a(z) - 3*q(z). Is i(3) a composite number?
True
Suppose 2*q - 516302 = -7*d + 3*d, -5*d = 25. Is q a composite number?
False
Is 8974332/252*(-7)/(-1) prime?
True
Suppose 247*w - 44135852 = 84296985. Is w a prime number?
True
Suppose -6*c = -1417 - 2147. Suppose -33035 = 10*a - 11565. Let z = c - a. Is z composite?
False
Let h = -16 - -8. Let p(b) = 2*b**2 + 11*b - 19. Let l(u) = -u. Let o(j) = 2*l(j) + p(j). Is o(h) a composite number?
False
Suppose 0 = -39*c + 3810529 + 7744430. Is c a composite number?
True
Is 124477*(-10)/(-20) + (-1)/(-2) composite?
True
Let h(k) = -14805*k - 163. Is h(-4) a composite number?
True
Let g be ((-1)/(-2))/(10/40). Let u be (2/(-5))/((-4)/20)*g. Suppose 5*d - 2*j - 9648 + 419 = 0, u*j = 12. Is d prime?
True
Let n be (-2)/(29799/(-7449) + 4). Suppose 2*t - 5*a + n = 5*t, t = 3*a + 1660. Is t prime?
True
Let g = 170 - 170. Let r = 2 - -3. Suppose g = -r*t + 2268 + 317. Is t prime?
False
Let r = 18470 - 9531. Suppose -7*g = -1400 - r. Is g a prime number?
False
Let v = 567539 - 124633. Is v prime?
False
Let p = 22777 - 58184. Let c = -14414 - p. Is c a composite number?
True
Is (-832292 - (-35)/5)*(-1 - (-24)/30) a prime number?
True
Suppose 27 + 23 = 5*a. Let m(n) = -5*n - a + 21*n**2 - 6*n**2 - 4 + 1. Is m(-6) composite?
False
Suppose -4*z - 3*f = -211737 - 7194, -2*z + 109468 = 4*f. Is 26/13*z/8 a composite number?
True
Let s = 1015505 - 22668. Is s composite?
True
Suppose -3090*n = -3092*n + 1575758. Is n prime?
True
Is 12897 + (-7 - 7/7) a prime number?
True
Let c be ((-12)/(-4))/1 - -2796. Let h = c - 4453. Let l = -1013 - h. Is l a prime number?
True
Suppose 6978090 = 5*r - 620*k + 621*k, 4186841 = 3*r - 2*k. Is r a prime number?
False
Let h = -4868 - -9121. Suppose -3*m = -4*w - 12770, -m + 0*w + 5*w = -h. Is m prime?
False
Let v be (365/(-2))/(124/(-119784)). Suppose 35*a + 60970 = v. Is a composite?
True
Let p(n) = -185678*n**3 - 2*n**2 + 14*n + 15. Is p(-1) composite?
False
Is (-261681)/(-24) + ((-1)/8)/((-47)/(-141)) composite?
False
Let q(d) = 14229*d - 488. Is q(5) prime?
True
Suppose 4*r = -5 + 13. Suppose -t + 2220 = -r*z - 2*t, -4*z = 5*t + 4452. Let m = -686 - z. Is m composite?
True
Suppose -8*j + 9*j - 86789 = -2*n, -2*n = 2*j - 173588. Is j composite?
True
Suppose 5*y + o = 296668, 94240 + 202410 = 5*y - 5*o. Is y composite?
False
Let p = 617644 - 410739. Is p a composite number?
True
Suppose 0 = -m - 2*l + 44, -27 + 7 = 5*l. Let c = m - 50. Suppose c*j - 1776 = 922. Is j a prime number?
False
Suppose -5*w + 39 = 4. Suppose 3*j + 15 = -w*o + 3*o, -5*o - 4*j - 20 = 0. Suppose 0 = -4*k - 4*v + 30896, -5*k + o*v + 3*v = -38612. Is k a composite number?
False
Suppose -14*y - 70*y + 274711 = -245837. Is y a prime number?
True
Let s(z) = -7*z - 21. Let i be s(-3). Suppose -4*x - 5507 = -5*b, -3*b - 3*x - 379 + 3694 = i. Is b a prime number?
True
Let k be (2 - (-10)/5) + 3. Suppose k + 3 = 5*v. Suppose -2108 = -3*z + v*m + 3*m, -2*m = -2*z + 1404. Is z a prime number?
True
Suppose -16*i + 129 - 1 = 0. Is 202090/28*i/4 a composite number?
True
Suppose 2*c - 19208 = 3*j, 0 = 487*c - 492*c + 5*j + 48015. Is c a prime number?
True
Let m be 22/(-66) - (-39)/9. Suppose 5*i - 4*u = 10377, -m*u = -5*i - u + 10379. Is i a composite number?
True
Suppose -3*f = -p + 96, -367 = -8*p + 4*p - 5*f. Let w(k) = k**3 + 10*k**2 + 13*k + 12. Let v be w(-9). Let h = v + p. Is h prime?
False
Suppose 886724 = 82*b - 78*b. Is b a prime number?
False
Suppose 11*h = 6*h - 20. Let j be h + 4 + -1 + 1804. Suppose -2*q - 161 = -j. Is q prime?
True
Let n(u) = -u**3 + 4*u**2 - 3*u + 4. Suppose 5*k = 3*j - 19, -4*j + 8*j = -4*k + 4. Let l be n(j). Suppose -l*g + 333 = -175. Is g a composite number?
False
Suppose 0 = 4*v - v. Suppose v = 3*a - 1202 + 287. Let y = -210 + a. Is y composite?
Tr